{"id":2,"date":"2010-12-06T09:27:47","date_gmt":"2010-12-06T08:27:47","guid":{"rendered":"http:\/\/recepti.bysalopek.com\/?page_id=2"},"modified":"2010-12-06T23:25:42","modified_gmt":"2010-12-06T22:25:42","slug":"about","status":"publish","type":"page","link":"https:\/\/recepti.bysalopek.com\/?page_id=2","title":{"rendered":"O nama"},"content":{"rendered":"<p>Ovo je site za razmjenu recepata za u\u017ee dru\u0161tvo&#8230;<br \/>\nTko se \u017eeli pridru\u017eiti mora to zaslu\u017eiti&#8230;<br \/>\nPozdrav.<\/p>\n","protected":false},"excerpt":{"rendered":"<p>Ovo je site za razmjenu recepata za u\u017ee dru\u0161tvo&#8230; Tko se \u017eeli pridru\u017eiti mora to zaslu\u017eiti&#8230; Pozdrav.<\/p>\n","protected":false},"author":2,"featured_media":0,"parent":0,"menu_order":1,"comment_status":"open","ping_status":"closed","template":"","meta":{"footnotes":""},"_links":{"self":[{"href":"https:\/\/recepti.bysalopek.com\/index.php?rest_route=\/wp\/v2\/pages\/2"}],"collection":[{"href":"https:\/\/recepti.bysalopek.com\/index.php?rest_route=\/wp\/v2\/pages"}],"about":[{"href":"https:\/\/recepti.bysalopek.com\/index.php?rest_route=\/wp\/v2\/types\/page"}],"author":[{"embeddable":true,"href":"https:\/\/recepti.bysalopek.com\/index.php?rest_route=\/wp\/v2\/users\/2"}],"replies":[{"embeddable":true,"href":"https:\/\/recepti.bysalopek.com\/index.php?rest_route=%2Fwp%2Fv2%2Fcomments&post=2"}],"version-history":[{"count":4,"href":"https:\/\/recepti.bysalopek.com\/index.php?rest_route=\/wp\/v2\/pages\/2\/revisions"}],"predecessor-version":[{"id":53,"href":"https:\/\/recepti.bysalopek.com\/index.php?rest_route=\/wp\/v2\/pages\/2\/revisions\/53"}],"wp:attachment":[{"href":"https:\/\/recepti.bysalopek.com\/index.php?rest_route=%2Fwp%2Fv2%2Fmedia&parent=2"}],"curies":[{"name":"wp","href":"https:\/\/api.w.org\/{rel}","templated":true}]}}