{"id":38,"date":"2010-12-06T23:17:32","date_gmt":"2010-12-06T22:17:32","guid":{"rendered":"http:\/\/recepti.bysalopek.com\/?page_id=38"},"modified":"2010-12-06T23:20:38","modified_gmt":"2010-12-06T22:20:38","slug":"upute","status":"publish","type":"page","link":"https:\/\/recepti.bysalopek.com\/?page_id=38","title":{"rendered":"Upute"},"content":{"rendered":"<p>Kratke upute za dodavanje recepta:<\/p>\n<ol>\n<li>Prijava u bazu:<br \/>\nKlikom na <em>Prijavi se<\/em> otvara se dijalog za upis<br \/>\n<img loading=\"lazy\" decoding=\"async\" class=\"alignnone size-full wp-image-41\" title=\"prijava1\" src=\"http:\/\/recepti.bysalopek.com\/wp-content\/uploads\/2010\/12\/prijava1.jpg\" alt=\"\" width=\"220\" height=\"84\" \/><br \/>\nU dijalog treba upisati korisni\u010dko ime i lozinku koju ste dobili mailom<br \/>\n<img loading=\"lazy\" decoding=\"async\" class=\"alignnone size-medium wp-image-42\" title=\"prijava2\" src=\"http:\/\/recepti.bysalopek.com\/wp-content\/uploads\/2010\/12\/prijava2-300x192.jpg\" alt=\"\" width=\"300\" height=\"192\" srcset=\"https:\/\/recepti.bysalopek.com\/wp-content\/uploads\/2010\/12\/prijava2-300x192.jpg 300w, https:\/\/recepti.bysalopek.com\/wp-content\/uploads\/2010\/12\/prijava2.jpg 327w\" sizes=\"(max-width: 300px) 100vw, 300px\" \/><\/li>\n<li>Dodavanje novog posta:<br \/>\nPotrebno je odabrati <em>Novi post<\/em><br \/>\n<a href=\"http:\/\/recepti.bysalopek.com\/wp-content\/uploads\/2010\/12\/novi_post1.jpg\"><img loading=\"lazy\" decoding=\"async\" class=\"alignnone size-medium wp-image-43\" title=\"novi_post1\" src=\"http:\/\/recepti.bysalopek.com\/wp-content\/uploads\/2010\/12\/novi_post1-300x93.jpg\" alt=\"\" width=\"300\" height=\"93\" srcset=\"https:\/\/recepti.bysalopek.com\/wp-content\/uploads\/2010\/12\/novi_post1-300x93.jpg 300w, https:\/\/recepti.bysalopek.com\/wp-content\/uploads\/2010\/12\/novi_post1.jpg 303w\" sizes=\"(max-width: 300px) 100vw, 300px\" \/><br \/>\n<\/a>U prozoru za ure\u0111ivanje novog posta upisuje se tekst, ubacuju slike (neka \u0161irina ne bude ve\u0107a od 300px)<a href=\"http:\/\/recepti.bysalopek.com\/wp-content\/uploads\/2010\/12\/novi_post1.jpg\"><br \/>\n<\/a><a href=\"http:\/\/recepti.bysalopek.com\/wp-content\/uploads\/2010\/12\/novi_post2.jpg\"><img loading=\"lazy\" decoding=\"async\" class=\"alignnone size-medium wp-image-44\" title=\"novi_post2\" src=\"http:\/\/recepti.bysalopek.com\/wp-content\/uploads\/2010\/12\/novi_post2-300x158.jpg\" alt=\"\" width=\"300\" height=\"158\" srcset=\"https:\/\/recepti.bysalopek.com\/wp-content\/uploads\/2010\/12\/novi_post2-300x158.jpg 300w, https:\/\/recepti.bysalopek.com\/wp-content\/uploads\/2010\/12\/novi_post2.jpg 711w\" sizes=\"(max-width: 300px) 100vw, 300px\" \/><br \/>\n<\/a>Potrebno je odabrati kategoriju recepta i na kraju odabrati dugme <em>Objavi<\/em>. Nakon toga post (recept) \u0107e biti vidljiv na po\u010detnoj stranici<br \/>\n<a href=\"http:\/\/recepti.bysalopek.com\/wp-content\/uploads\/2010\/12\/novi_post3.jpg\"><img loading=\"lazy\" decoding=\"async\" class=\"alignnone size-medium wp-image-45\" title=\"novi_post3\" src=\"http:\/\/recepti.bysalopek.com\/wp-content\/uploads\/2010\/12\/novi_post3-193x300.jpg\" alt=\"\" width=\"193\" height=\"300\" srcset=\"https:\/\/recepti.bysalopek.com\/wp-content\/uploads\/2010\/12\/novi_post3-193x300.jpg 193w, https:\/\/recepti.bysalopek.com\/wp-content\/uploads\/2010\/12\/novi_post3.jpg 288w\" sizes=\"(max-width: 193px) 100vw, 193px\" \/><\/a><\/li>\n<li>Vra\u0107anje na po\u010detnu stranicu:<br \/>\nKlikom na <em>Recepti bysalopek.com<\/em> vra\u0107ate se na po\u010detnu stranicu.<br \/>\n<a href=\"http:\/\/recepti.bysalopek.com\/wp-content\/uploads\/2010\/12\/povratak.jpg\"><img loading=\"lazy\" decoding=\"async\" class=\"alignnone size-medium wp-image-40\" title=\"povratak\" src=\"http:\/\/recepti.bysalopek.com\/wp-content\/uploads\/2010\/12\/povratak-300x75.jpg\" alt=\"\" width=\"300\" height=\"75\" srcset=\"https:\/\/recepti.bysalopek.com\/wp-content\/uploads\/2010\/12\/povratak-300x75.jpg 300w, https:\/\/recepti.bysalopek.com\/wp-content\/uploads\/2010\/12\/povratak.jpg 414w\" sizes=\"(max-width: 300px) 100vw, 300px\" \/><\/a><\/li>\n<\/ol>\n<p>U slu\u010daju bilo kakvih problema slobodno me kontaktirajte.<\/p>\n<p>Ugodno dru\u017eenje i puno dobrih recepata \ud83d\ude42<\/p>\n<p>Dobar tek&#8230;<\/p>\n","protected":false},"excerpt":{"rendered":"<p>Kratke upute za dodavanje recepta: Prijava u bazu: Klikom na Prijavi se otvara se dijalog za upis U dijalog treba upisati korisni\u010dko ime i lozinku koju ste dobili mailom Dodavanje novog posta: Potrebno je odabrati Novi post U prozoru za ure\u0111ivanje novog posta upisuje se tekst, ubacuju slike (neka \u0161irina ne bude ve\u0107a od 300px)[&#8230;]<\/p>\n","protected":false},"author":2,"featured_media":0,"parent":0,"menu_order":0,"comment_status":"open","ping_status":"open","template":"","meta":{"footnotes":""},"_links":{"self":[{"href":"https:\/\/recepti.bysalopek.com\/index.php?rest_route=\/wp\/v2\/pages\/38"}],"collection":[{"href":"https:\/\/recepti.bysalopek.com\/index.php?rest_route=\/wp\/v2\/pages"}],"about":[{"href":"https:\/\/recepti.bysalopek.com\/index.php?rest_route=\/wp\/v2\/types\/page"}],"author":[{"embeddable":true,"href":"https:\/\/recepti.bysalopek.com\/index.php?rest_route=\/wp\/v2\/users\/2"}],"replies":[{"embeddable":true,"href":"https:\/\/recepti.bysalopek.com\/index.php?rest_route=%2Fwp%2Fv2%2Fcomments&post=38"}],"version-history":[{"count":6,"href":"https:\/\/recepti.bysalopek.com\/index.php?rest_route=\/wp\/v2\/pages\/38\/revisions"}],"predecessor-version":[{"id":51,"href":"https:\/\/recepti.bysalopek.com\/index.php?rest_route=\/wp\/v2\/pages\/38\/revisions\/51"}],"wp:attachment":[{"href":"https:\/\/recepti.bysalopek.com\/index.php?rest_route=%2Fwp%2Fv2%2Fmedia&parent=38"}],"curies":[{"name":"wp","href":"https:\/\/api.w.org\/{rel}","templated":true}]}}